base 16) to base 13
-25302
11231334 (base 5) to base 7
603436
What is 69c2e9 (base 16) in base 8?
32341351
-1120310110 (base 4) to base 6
-11444124
2123423 (base 7) to base 13
90668
-322036 (base 9) to base 4
-232310100
b78b3 (base 12) to base 10
241479
Convert 10010001110110101 (base 2) to base 8.
221665
Convert -20d6dd (base 16) to base 8.
-10153335
32132231 (base 4) to base 13
20cc3
-2a29c (base 14) to base 9
-168676
220210224 (base 5) to base 16
e6937
12b538 (base 12) to base 8
1135474
Convert 234460332 (base 7) to base 8.
67407067
Convert -221011101010101 (base 3) to base 8.
-63005352
Convert 125306323 (base 7) to base 3.
120011010022221
Convert -786103 (base 10) to base 9.
-1427287
Convert -4873127 (base 9) to base 13.
-718705
9827044 (base 10) to base 13
2060c26
37072403 (base 8) to base 7
126220435
What is 8626c (base 13) in base 9?
408077
10412304 (base 5) to base 13
328b7
110021233012 (base 4) to base 16
509bc6
Convert -7a56f (base 16) to base 5.
-112013403
168357 (base 9) to base 16
1985e
221111211200 (base 3) to base 2
1111010100110010100
-1144349 (base 12) to base 5
-1322401121
What is -68719 (base 10) in base 9?
-114234
1610443 (base 9) to base 8
3317363
What is aaf277 (base 16) in base 5?
10332000231
Convert -40d159 (base 16) to base 14.
-7c80d3
8650 (base 9) to base 7
24360
-4668c (base 14) to base 15
-35bd8
What is 465677 (base 8) in base 10?
158655
What is 2342330 (base 5) in base 16?
a9c9
11110000000001011001 (base 2) to base 12
3b4b35
What is 34a1b (base 12) in base 11?
49037
111100000010111 (base 2) to base 16
7817
Convert 210031321 (base 4) to base 9.
245437
-110599 (base 12) to base 6
-5443513
151240 (base 8) to base 3
2201222001
Convert 10100010010101101010 (base 2) to base 13.
1a3871
What is -122121211112 (base 3) in base 11?
-217689
-32445433 (base 6) to base 9
-1738433
-5b920b (base 12) to base 6
-51521215
-68441 (base 9) to base 2
-1011000111110111
What is -15736 (base 9) in base 12?
-6306
-1201221021012 (base 3) to base 12
-386765
653622 (base 8) to base 13
78902
What is -2201010101021 (base 3) in base 7?
-15143164
Convert 514546 (base 8) to base 14.
46114
What is -102133303 (base 4) in base 13?
-2863c
What is -1240215322 (base 6) in base 15?
-142d682
Convert 132233101 (base 4) to base 8.
365721
Convert 8b075 (base 16) to base 4.
2023001311
Convert 12000111200 (base 3) to base 14.
28000
20aa2 (base 15) to base 3
12021011222
What is -17a3b3 (base 15) in base 11?
-714849
-4efc (base 16) to base 9
-30656
Convert -2506043 (base 7) to base 16.
-4e78e
21335061 (base 7) to base 2
110111101010101110101
13736848 (base 9) to base 6
402024412
Convert -270341 (base 13) to base 5.
-220134243
-5214516 (base 8) to base 3
-2121020202101
What is 32010003 (base 4) in base 9?
87013
131302021 (base 4) to base 3
20012100021
-542851 (base 16) to base 4
-111002201101
What is 100100111100010100111101 (base 2) in base 7?
145213032
Convert 2953d3 (base 16) to base 15.
387775
-3ee6 (base 15) to base 3
-200111200
Convert 101a6cd (base 15) to base 12.
3a15627
Convert 166614100 (base 7) to base 4.
223323223021
What is 3a965 (base 11) in base 9?
88081
What is 16b97a7 (base 14) in base 11?
6363760
What is 5342611 (base 7) in base 13?
19969c
Convert 1010001001000010010 (base 2) to base 16.
51212
1033030311 (base 4) to base 10
324405
-1d77ba (base 16) to base 10
-1931194
-1272591 (base 11) to base 13
-5c01b8
Convert -101011020000022 (base 3) to base 7.
-63610136
Convert -102330414 (base 5) to base 16.
-69c52
What is -598819 (base 12) in base 16?
-160f95
Convert -235512 (base 9) to base 11.
-97628
-10100122043 (base 5) to base 9
-21106116
-154711 (base 12) to base 9
-608384
What is -324344433 (base 5) in base 8?
-5264356
-211101003 (base 5) to base 3
-1122121201220
What is -22212010110220 (base 3) in base 9?
-8763426
-45a2838 (base 12) to base 11
-7622777
133112111 (base 4) to base 10
128405
Convert 36543 (base 10) to base 8.
107277
What is 122210001100 (base 3) in base 15?
6da56
What is abb19 (base 14) in base 2?
1100101101100001011
What is -100313030133 (base 4) in base 13?
-bba016
What is -78586 (base 12) in base 9?
-263173
1000224 (base 8) to base 4
1000002110
212102020 (base 3) to base 10
17070
Convert 2cb9a (base 16) to base 7.
1362044
2412012 (base 5) to base 15
d357
-707173 (base 9) to base 15
-84063
-111100101010110001 (base 2) to base 6
-5154241
What is -23343105 (base 6) in base 7?
-6124325
What is 183b8a4 (base 12) in base 6?
300233524
What is -2332412 (base 5) in base 4?
-22131221
-110222101211 (base 4) to base 10
-5416037
What is -32045302 (base 7) in base 9?
-5101507
1aa241 (base 11) to base 13
b319a
What is -6bc629 (base 13) in base 7?
-30560536
10097a (base 14) to base 15
a9d9b
-121409 (base 12) to base 3
-112212101200
Convert -1015142 (base 6) to base 16.
-bfc6
128852 (base 13) to base 7
3542255
What is -142545 (base 9) in base 12?
-42565
Convert 11110101010000010001110 (base 2) to base 5.
4024131434
Convert 3036939 (base 11) to base 10.
5367723
What is 13461 (base 9) in base 7?
35416
Convert -4ca648 (base 14) to base 13.
-716105
What is -6ba772 (base 14) in base 3?
-20220212212020
-1111011010101010111 (base 2) to base 8
-1732527
-4223493 (base 10) to base 2
-10000000111001000000101
-1111001111111100101 (base 2) to base 12
-201205
b9706 (base 12) to base 8
735666
1b6792a (base 13) to base 4
202231201012
-97c82 (base 14) to base 2
-1011001101100111010
What is 112023232 (base 4) in base 3?
11121122021
-cc585 (base 13) to base 16
-5a582
-a283 (base 16) to base 5
-2312403
Convert 180696 (base 11) to base 8.
1040742
What is -121102102002211 (base 3) in base 9?
-17372084
7a939b (base 12) to base 7
22463462
Convert 634660 (base 7) to base 13.
3ac57
What is 1338127 (base 9) in base 6?
23423041
-2561550 (base 7) to base 11
-209236
22321a (base 12) to base 15
ab58a
Convert -100135431 (base 6) to base 2.
-110011101001101101011
102201202102 (base 3) to base 15
48645
What is -154466 (base 11) in base 5?
-30141021
Convert 202331332 (base 4) to base 10.
143230
Convert 1b7ba (base 12) to base 15.
c1b4
Convert -234132401 (base 5) to base 14.
-202bd2
80100 (base 11) to base 13
414a2
What is -1055142 (base 6) in base 15?
-11138
15b9756 (base 12) to base 16
4447f2
Convert 2817606 (base 11) to base 4.
102201212130
-11002011122 (base 3) to base 2
-10011100110111011
Convert -12021011022 (base 3) to base 14.
-29aa6
14312003 (base 7) to base 5
321111100
Convert -2412313 (base 6) to base 8.
-366465
Convert -753985 (base 11) to base 16.
-1265e9
-2454535 (base 6) to base 13
-480b0
Convert b73e9 (base 16) to base 12.
302435
20352242 (base 6) to base 3
1002222121122
What is -79886 (base 10) in base 7?
-451622
What is 2cdccc (base 14) in base 15?
211949
5422667 (base 8) to base 12
59bb5b
70c51 (base 14) to base 8
1021747
What is -222001001122 (base 3) in base 9?
-861048
3214187 (base 10) to base 16
310b6b
Convert -535134 (base 7) to base 6.
-1554403
What is 101d25 (base 15) in base 10?
765710
Convert 136a19 (base 12) to base 3.
121101220010
-21002000 (base 3) to base 15
-17dc
What is -103502445 (base 6) in base 8?
-7056775
-4bfbb (base 16) to base 4
-1023332323
What is 100000001000110 (base 2) in base 12?
9632
What is -1b835c (base 14) in base 15?
-1463ec
-4400321212 (base 5) to base 14
-13646ab
What is 57ca0 (base 13) in base 7?
1235320
266a31 (base 12) to base 4
2122301011
-3562670 (base 8) to base 4
-3232112320
Convert 4720a9 (base 12) to base 13.
310980
Convert -157446 (base 13) to base 14.
-db323
128319a (base 11) to base 15
2db479
17c28 (base 15) to base 7
440312
Convert -175629 (base 10) to base 14.
-4800d
What is -14063110 (base 7) in base 2?
-100111111101110111110
Convert 21020200121 (base 3) to base 12.
6a681
23424303 (base 5) to base 9
361254
What is 122711 (base 9) in base 5?
4333311
Convert 520823 (base 9) to base 5.
34342121
What is 3a66 (base 16) in base 15?
466a
Convert -33400 (base 12) to base 9.
-113210
Convert -17770457 (base 8) to base 10.
-4190511
Convert -62cb6 (base 13) to base 15.
-37ac7
Convert -4a3a6 (base 15) to base 12.
-b5249
What is -587f (base 16) in base 5?
-1211110
What is -20122030233 (base 4) in base 12?
-8a3893
Convert 110001111101000001 (base 2) to base 9.
341603
-2110112021 (base 3) to base 8
-136563
Convert 138211 (bas